e of (27 + 7 - -4 - 42) + -3 + 1 + 26?
20
-29 + -48 + 58 + -28
-47
Evaluate 21 + 2 - (-32 - (-20 - 63)).
-28
Evaluate (456 - 390) + (-54 - 4).
8
(9 - 2) + 901 + -908
0
Calculate 31 + 1 + 0 + -66.
-34
Calculate (-2660 - -2722) + -149 + -1.
-88
Calculate (11 - 4) + -13 + (34 - 10) + (0 - 17).
1
What is the value of -3 + (12 - 3) + 77 + -79 - 43?
-39
Evaluate -47 + (-27 - -43) - -39.
8
Calculate 103 - (158 - 163 - (-6 - -1)).
103
Calculate (64 - -1 - (-9 + 1 - -9)) + (-313 - -321).
72
Calculate (-38 - 0) + 274 + 60 + -228.
68
What is -25 - (-26 - (-25 + 2 + -1)) - 98?
-121
Calculate (5 - (-13 - (6 + -22))) + -15.
-13
Evaluate 20 + 7 + -73 + 85.
39
What is 2 + -22 + 1 + 41 + -51 + 19?
-10
What is -13 - (10 - (-11 - (-24 + 24)))?
-34
Calculate (15 - ((1 - -19) + -12) - -11) + 19.
37
-31 + (7 - -18 - 45)
-51
What is the value of -1 + (-77 + 19 - -18 - (1 + (10 - -1)))?
-53
What is -1 + -17 - (-90 - -109 - 9)?
-28
Evaluate -25 + (-6 + (7 + -7 - -8) + -4 - -5).
-22
What is the value of -9 - ((-21 - (-21 + 3)) + -6)?
0
What is (-21 - (31 + -22 + -32)) + (-21 - 2)?
-21
Evaluate -1 - 116 - (15451 - 15547).
-21
What is -7 + -285 + 223 + -21 + 1 + -1?
-90
(105 - 105 - (2 + (3 - 3))) + 40 + 19
57
What is -1 + -143 - (6359 + -6514)?
11
Calculate 80 + -155 - -75 - (2 + 10 + -2).
-10
What is (-35 - -31) + (-5 - (7 - -77)) + 7 + -6?
-92
What is -150 + (-11 - -88) + 154?
81
Evaluate -26 + 2 - (1949 - 1993).
20
What is 16 + (3 - 5 - 12 - -31)?
33
Evaluate (15 - (-12 - (10 + -7))) + -1.
29
Calculate (8 - (13 + 12 + -44)) + -92.
-65
Calculate -71 - (-1 + 0) - (51 - 20 - 112 - -67).
-56
Evaluate (-903 - -934) + (-55 - -1).
-23
What is the value of -38 - (44 - (-8 - (-46 + 30)))?
-74
-101 - (30 - (95 + -80))
-116
Calculate (27 - 61) + 29 - -9 - (-22 - 1).
27
Evaluate 20 + (-2 - (7 - 26)).
37
What is -11 - (-8 + (95 - 83 - (-66 + (7 - 2))))?
-76
Evaluate 19 + 0 + -22 + -2 + 53.
48
-12 - ((8 - (11 - (-1 + 11) - 4)) + 52)
-75
What is the value of (3 - (0 + 8)) + (17 - 55) + -18?
-61
Evaluate 42 + -87 - -26 - (-73 + 7 + -10).
57
What is 7 - (0 + (25 - (0 + -11)) + 7)?
-36
What is the value of 14 - ((-2 - 2) + (20 - 14) + 9)?
3
-12 - 4 - (-39 - -4 - -11)
8
What is the value of 1786 - 1766 - (2 - 2 - -17) - (-1 + -1)?
5
(-26 - -17) + (9 - 3 - (96 + 0 + -1))
-98
-116 - (-305 + 95) - 22
72
What is -3 + 14 + (-9 - ((-17 - -3) + 11 + 83))?
-78
Evaluate -60 + (82 - 29) + 104 - (-5 + 2 + -1).
101
What is 30 + -15 - 47 - (-41 + 41)?
-32
Evaluate 43 - (7 + (4 - -62)).
-30
What is the value of (-844 - -805) + -1 + 27 - (-55 - (-1 + 1))?
42
36 + -13 - (89 - 62) - (0 + 12)
-16
What is -18 + (-2 - -7 - (40 - (83 - 44)))?
-14
-8 - ((-1078 + 1067 - (1 + 1 + -25)) + 0)
-20
(-36 + -4 + 6 - 2) + 26
-10
-2 - 14 - (-46 + 78)
-48
(-1 - 0) + -6 + 41 + -26 + -3
5
4 + -7 - ((-84 - (1 - 8)) + 7) - 2
65
-16 + 27 - (28 + 29)
-46
Calculate (-14 + (20 - 20) - -14) + 1.
1
What is -2 + 1 + 0 + -9 + (-249745 - -249732)?
-23
Evaluate -81 + (-51 - -44) + 48.
-40
-1 + 9 - ((-8 - (2 + -10)) + 15)
-7
Calculate (25 - 11) + (-4 - 2 - 9).
-1
What is the value of 16 + 6 + (40 - (20 + -6))?
48
Calculate (40 - 29) + 24 + -1 - (-17 + -3).
54
-1307 - -1351 - (1 - -160)
-117
What is -51 + -4 + (-1 - -15 - -1 - (-34 + 47))?
-53
What is the value of (22 + -46 - (20 - 26)) + -64?
-82
(43 + -47 - -35) + 6
37
Evaluate (122 - 162) + (-5 - (-4 + -3 + 5)).
-43
What is the value of -1 - 50 - (-10 - -1 - (557 - 554))?
-39
What is the value of 12 - (-9 + 18 + -5 - -11) - 2?
-5
Calculate -15 + 23 + -31 - (-2 - 49).
28
Calculate -28 + -3 + 6 + (720 - 694).
1
Evaluate 1 + -9 - (7 + (4 - 9)) - -1.
-9
17 - (19 - 66 - -25)
39
What is the value of 18 - 0 - (936 - 920) - (-5 + 2)?
5
What is (-10 - (-22 + -8)) + (15 + 1 - 20)?
16
Evaluate 4 - ((-14 - (9 + -30 + 11) - -11) + -10).
7
Evaluate 137 + (23 - (-40 + 26)) + -54.
120
Evaluate (4 + (5 - (55 - -10)) - 3) + -12 + 2.
-69
Evaluate 12 - (-4 - 28) - 50.
-6
Calculate 0 + -9 + (-19 - (21 - 23)) - -10.
-16
(-2 - 2) + 0 + (-1399 - -1409) + 13
19
-97 + (188 - 41 - 34)
16
Evaluate 3 - ((-49 - -52) + (7 - 0)) - 11.
-18
Calculate 43 - (21 + 9 + -2 + -16).
31
What is the value of (-97 - -3) + 5 + 5 - (22 + -34)?
-72
What is the value of -17 + (19 - (10 + -15 + -21))?
28
Evaluate (2 + -1 - -17) + (-352 - (89 - 447)).
24
What is -59 + (-28 - (27 - 81))?
-33
What is 12 + 8 - (-45 + -15 + (21 - 9))?
68
Calculate -1 + 4 + -60 + -13 + 75 + -49.
-44
Calculate -7 + (-4 - (-2 + -6)) + 78 - (-18 + 30).
63
(-114 - -90) + -1 + 16 + -43 + -1 + 10
-43
Calculate -39 - 0 - (8 - ((-15 - -20) + 0)).
-42
Evaluate -2 - 13 - (1 + -8 - 40).
32
Calculate -6 + 110 + 16 + -132.
-12
Calculate 64 + (-10 - (4 - -16)).
34
Calculate -49 - (-1 + (3 - 10) + (-165 - -155) - -8).
-39
-34 + 55 + -28 - (19 - (4 - -1))
-21
(203 + -169 - (-6 - -72)) + -18
-50
Evaluate -15 + (19 - 15 - 13) + -3 + -1.
-28
-2 - ((10 - -2) + -7) - (-43 - -41)
-5
-99 + (-9 + 16 - 8) - (18 - 29 - 1)
-88
Calculate 4 + 11 + 27 - 11 - 15.
16
Evaluate -48 - (4 - (4 - (1 + -10) - (-66 - -75))).
-48
What is the value of 6 - (-21 - (-11 + 5 - -11))?
32
Calculate -24 - (-13 - 70 - (10 - 11)).
58
Evaluate -43 + 136 + -113 - (-42 + -1).
23
Evaluate 51 - (7 - (31 + 11 + -22)).
64
Evaluate 22 - (12 + -2 + -17 + 19 + -7).
17
What is 49 - 1 - (-25 - (-20 - 23))?
30
-17 + 0 + -28 + 79 + -28
6
Calculate (-354 - -402) + (-4 - 51).
-7
Calculate (0 + -14 + 21 - (11 + (-1 - 4))) + -36.
-35
Calculate (-11 + -4 - (-24 - -25)) + (111 - 85).
10
Evaluate 2 + (-9 - -29 - 25) + 13 + -1 + -68.
-59
Calculate (1 + -18 - -4) + -527 + 501.
-39
-30 - (-5 - (-7 - 10) - (33 - 1) - -11)
-21
What is -11 + -2 + -1 + (27 - -13) + (8 - -1)?
35
Calculate 19 + 39 + -37 + (3 - 38).
-14
36 + -21 - (-4 + (-5 - -71))
-47
Calculate 20 + 6 + -25 + (-1 - (2 + -41)).
39
-263 + 244 + (67 - (-2 - -2))
48
Calculate 31 + -35 - (-1 - (-15 + 0 + 7 + -5)).
-16
What is the value of -39 + 27 + (-2 - -2) + 53?
41
What is (48 + -176 - 2) + 18 + -5?
-117
What is -39 + (-50 - -85) + -38?
-42
(9 - 3) + -9 - (-13 + 22 - 36)
24
Evaluate -9 + ((9 - 26 - -9) + 10 - 10 - -44).
27
Calculate 6 + (-1 - 1) - (-17050 + 17165).
-111
Evaluate (-69 - (78 + -115)) + 30.
-2
What is the value of -117 - (-62 + 88 - (2 + 19) - 30)?
-92
What is the value of 20 - (24 - -14 - (-3 - 92))?
-113
What is 37 - (32 + -17 + -16 + 5)?
33
Calculate -29 + 5 + 3 + -84 + 92 + -4.
-17
What is the value of 6 + (-19 - (-36 - (-124 + 50)))?
-51
What is 118 + -19 + (41 - 73)?
67
Calculate -23 - (-15 + 83 + -38).
-53
Evaluate -10 + (2 + 0 - -42 - -19).
53
What is the value of (86 - -10) + -84 + 12?
24
Evaluate (1 - 15) + 26 + 20 + (44 - 104).
-28
What is -26 - -34 - 9 - ((1 - (61 - -4)) + -4)?
67
What is the value of -54 + 12 + -50 - -37 - -32?
-23
What is 10 + -5 + -50 - -65?
20
Evaluate -5 - 44 - (-1061 - -983).
29
What is 8 - (9 + (-13 - (21 - -12)) + 1)?
44
What is the value of 0 + (-1 - (-9 + 19)) - -5 - 29?
-35
Evaluate 48 + 606 + -599 + (1 - -7).
63
What is 53 + (23 - 47) + -39 + 17?
7
Calculate (190 - 206) + (1 - 10) + 66.
41
43 - -1 - 1 - (1 + (-47 - -36) + 18)
35
Evaluate (-4 - -13) + (9 - (-1 + -5 + (8 - 6))).
22
What is (89 - 53) + -6 + 0 + -4 + 3 + 8?
37
54 + 0 + 219 + -128 + -68
77
Evaluate 57 + 33 + -75 + -21.
-6
-46 + 122 + -21 + 17
72
Evaluate -4 + 6 - 5 - (-21 + 29 + -11).
0
What is 10 + 49 + (-11 - -8) + 2 + 8?
66
What is the value of (-3255 - -3338) + (3 - 1 - 24)?
61
What is 13 - ((-1 + -1 - (1 + -1)) + -32 + 25)?
22
Calculate -7 - ((-2 + -7 - (2 - 16)) + -13).
1
What is the value of -5 + 9 + -117 + 62?
-51
Calculate -52 + 23 + 10 + 41.
22
What is -10 - -2 - 4 - (-3 - -13 - -16)?
-38
0 - -9 - (-23 - (-4 + -34)) - (0 - -74)
-80
Evaluate (-59 - -51) + (0 - 3) + 32 + -56 + 58.
23
What is the value of -29 - ((-15 - 74) + (-20 - -15))?
65
Calculate -53 - (74 + 41 - 78).
-90
Evaluate 33 - (39 - (82 - 61)).
15
Calculate 32 - (-20 - (3 - (5 - (16 + -31)))).
35
What is the value of -40 - (74 + 0) - -206?
92
What is the value of 4 + 0 + 3 + -17 - (-125 + -1 + -4)?
120
What is the value of -10 - (5 - 10) - -3 - (75 - (-45 + 38))?
-84
What is (304 - 273) + 1 + -14 + -19?
-1
What is -19397 + 19377 - ((2 - 117) + -1)?
96
What is 1 - 6 - -61 - (38 + (43 - 72))?
47
What is (18 + (-78 - -29) - 51) + -9?
-91
46 - (38 - 1) - -79
88
(-8 + 14 - (12 +